 5*r(q) + 3*z(q). Let j be v(g). Let y(d) = 2*d. What is y(j)?
2
Let h(x) = -x**3 + 3*x**2 + 10*x - 7. Let p(d) = d**2 - 19*d + 23. Let v be p(18). Determine h(v).
-7
Let a be (-76)/(-10) + 6 + (-336)/60. Let z(j) = j**3 - 9*j**2 + 8*j - 2. Give z(a).
-2
Let y = -220 - -227. Let v(z) be the second derivative of 1/2*z**2 - 5/3*z**3 + y*z + 0. Give v(-1).
11
Let p(k) be the third derivative of k**4/12 + 2*k**3/3 - 64*k**2. Calculate p(-4).
-4
Let f(x) = 21*x. Let b(t) = -5*t. Let v(s) = 3*b(s) + f(s). Calculate v(-1).
-6
Let c = -5 + 0. Let j(g) be the third derivative of -g**5/60 - g**4/8 + 5*g**3/6 + 1664*g**2. Calculate j(c).
-5
Let w(g) = g**2 + 4*g + 4*g - 10 + 0*g. Let n = -1083 + 1073. Give w(n).
10
Suppose -g + 15 = 2*g. Suppose 4*d + 33 = g*q, q - 3*d - 2*d - 15 = 0. Let r(s) = s**3 - 5*s**2 + 3*s + 4. What is r(q)?
19
Let k(t) be the first derivative of 0*t**2 + 2/3*t**3 + 0*t - 1/360*t**6 + 5 - 1/24*t**5 + 0*t**4. Let j(p) be the third derivative of k(p). Calculate j(-5).
0
Let b be (-11)/(198/(-24))*-3. Let u be (b + 3)*-1*(8 + -3). Let l(t) be the third derivative of -t**6/120 + t**5/10 - t**4/6 - t**3/2 + t**2. Calculate l(u).
2
Let y(x) = 2 - x + 0 - 5. Suppose 10 = -m - 4*f, 3*f + 2*f + 7 = -4*m. Suppose 4*l - m*r = -26, 3*r - 4 = 2*l + 5*r. Calculate y(l).
2
Let p(n) = 4*n**3. Let h(o) = -2*o - 1. Let u be h(-2). Let c be 2 + (u - (2 + -1)). Suppose -5 = c*l - 1. What is p(l)?
-4
Let b(s) = 2*s**2 - 9*s + 5. Let i(c) = -2*c**2 + 11*c - 6. Let x(z) = -4*b(z) - 3*i(z). What is x(3)?
-11
Let y(a) = -3*a**2 - 2*a. Let k(c) = 36*c - c**2 - 73*c + 36*c. Let n(m) = 17*k(m) - 6*y(m). Let j(b) = -b + 18. Let g be j(13). What is n(g)?
0
Let t(c) = -c**2 - 16*c - 8. Let p(n) = -2*n**2 - 31*n - 15. Let w(q) = -6*p(q) + 11*t(q). Calculate w(-6).
-22
Let s(i) = i**3 + i**2 - i - 1. Let o(h) = 1. Let y(a) = 2*o(a) - s(a). Let l be (7 - 7)*4/8. Determine y(l).
3
Let s(l) = -5*l + 3. Let c(q) = q**2 + 5*q + 8. Let a be c(-4). Suppose 4*g = 5*d + 2*g, 0 = -4*d - 3*g - 23. Let r = a + d. Give s(r).
-7
Let i(r) = -r**3 + 8*r**2 + 7*r + 12. Let z(d) = -3*d + 3. Let x be z(3). Let f = -10 - -25. Let a = f + x. Determine i(a).
-6
Let a(v) = v. Let x(g) = 2*g. Let n(m) = -4*a(m) + x(m). Let z(w) = -w - 4 - w + 0*w - w + 3*w**2. Let o be z(2). What is n(o)?
-4
Let y be 13*(2 - 0 - 6) - 0. Let a = y + 58. Let f(w) = w**2 - 6*w - 1. Calculate f(a).
-1
Let g(o) = -12*o**2 - o + 2. Let p(c) = c**2 + c - 1. Let h(j) = g(j) + 2*p(j). Let a = 14 - 10. Suppose 0*w + 4*w = a. Give h(w).
-9
Let t be 2/(-5)*(9 + 6). Let z(n) = 19*n**2 + n**3 - 9*n**2 - 3*n**2 + 0*n**2 - 1 - 6 + 3*n. Calculate z(t).
11
Suppose 900 = 24*h + 36*h. Let f(m) = -m**3 + 14*m**2 + 16*m - 20. Give f(h).
-5
Let c(z) be the second derivative of -z**5/20 + z**2/2 + 17*z + 2. Give c(-2).
9
Let n = 4 - -3. Suppose 6 = a + 2*a. Let d(z) = -7*z**a + 0*z**3 + z**3 - 2 + 8 - z. Give d(n).
-1
Suppose 2*x - 5*s + 1 = -0, -4 = -3*x + 2*s. Let m = -6 + x. Let a(y) = -y + 6. Let v(k) = -k + 24. Let d(i) = 3*a(i) - v(i). Determine d(m).
2
Let n(p) = 2*p - 2 - 8 - 9 + 0. Let j(g) = g - 9. Let w(q) = 9*j(q) - 4*n(q). Calculate w(-4).
-9
Let k(i) be the third derivative of i**4/24 + 4*i**2 + 9*i. Let g(s) = s**2 + s - 1. Let h be g(-2). Let m(y) = 2*y + 1. Let c(l) = h*m(l) - 4*k(l). Give c(-1).
3
Let g(f) = -f**3 + 3*f**2 - 3*f + 1. Suppose 18 = 3*j + 3*u, 2*j - 8 = 4*j - 3*u. Determine g(j).
-1
Suppose 0*o = -5*o + 5*b + 25, 0 = o - 4*b - 5. Let h(a) = -5*a - 6*a**2 - 39 + 32 + 7*a**2. Calculate h(o).
-7
Let t(s) = 3*s**2 + 9*s + 5. Let q(d) = -2*d**2 - 8*d - 5. Let n(g) = -4*q(g) - 3*t(g). Suppose 4*a - 35 = -a. Calculate n(a).
-9
Suppose 0 = 3*v + 3, 35*m - 4*v = 34*m - 2. Let x(g) = -g**2 - 9*g - 21. Give x(m).
-3
Let l(n) = n**3 + 5*n**2 + 2*n. Suppose -3*q = 3*h - 18 + 6, -2*h = 0. Let p be q/3*6/(-4). Calculate l(p).
8
Suppose 79*v = 81*v - 16. Suppose 4*j + 12 = v*j. Let l(q) = q**2 - 3*q + 3. Determine l(j).
3
Let l(w) = -w + 10. Let u be -1 + 1/((-4)/(-24)). Suppose 40 + u = z. Let p be (63/z)/(1/5). Determine l(p).
3
Let q(r) be the first derivative of -4*r**2 + r - 2. Suppose -5*i = -6 + 11. Let a be (1/(-5)*i)/((-2)/(-10)). Determine q(a).
-7
Let z(u) = 11*u**3 + 6*u**2 - 13*u. Let i(h) = -9*h**3 - 7*h**2 + 13*h + 1. Let f(g) = -5*i(g) - 4*z(g). What is f(-12)?
7
Let r(l) be the third derivative of -l**4/6 - 5*l**3/3 + 303*l**2. Determine r(0).
-10
Let x(w) = 2*w - 24. Let n(i) = -12 - 43*i + 19*i + 15*i + 10*i. Let m(g) = -5*n(g) + 2*x(g). Determine m(6).
6
Let f(t) = -9*t - 3. Suppose v - 3*o + 1 = 0, -3*o + 4 = 7. Determine f(v).
33
Let r(s) = s**2 + 2*s + 7. Let o(m) = -m**2 - 7*m + 73. Let k be o(6). Calculate r(k).
22
Let i be -1*((-88)/(-110))/(2/(-5)). Let h(p) = -7*p**2 + p - 1. Give h(i).
-27
Let f(w) = -2*w**3 - w**2 - w - 1. Let k(r) = 5*r**3 + 11*r**2 - 8*r + 12. Let o(j) = -2*f(j) - k(j). Let h = 20 + -30. Give o(h).
-10
Let x(i) = -7*i + 10. Let w = -214 - -217. What is x(w)?
-11
Let l(n) = 5*n**2 - n - 4. Suppose 3*t = 7*t + 5*y + 27, 0 = -4*t - y - 15. What is l(t)?
44
Suppose -5 = -d - 3*r, 28*d + 4*r = 25*d + 15. Let y(f) = f**2 - 11*f - 1. Calculate y(d).
-31
Let v(n) = -2 - n**2 + 4*n**2 - 2*n + 3*n**2 - 8*n**2. Calculate v(3).
-26
Let m(s) = 2*s - 1. Let j be m(-3). Let a(q) = q + 1. Let l(k) = -2*k - 3. Let i(g) = -9*a(g) - 4*l(g). Calculate i(j).
10
Let j(b) = -3 + 0*b**2 - 8 - 15*b + b**2 + 31*b - 13*b. What is j(-6)?
7
Let w = -1658 + 1650. Let o(m) = 9*m + 73. What is o(w)?
1
Let h(j) be the second derivative of j - 1/20*j**5 + 0*j**3 - 1/2*j**2 + 1/2*j**4 + 0. Suppose 0 = -0*y + 3*y + 5*w - 38, w + 26 = 5*y. Give h(y).
-1
Let q(a) = -56*a + 64*a - 10 - a**2 + 1. Give q(7).
-2
Let n(h) = h**2. Let i(r) = 19*r**2 + 3*r. Let x(l) = -i(l) - 4*n(l). Let s(j) = -12*j**2 - 2*j. Let z(t) = 5*s(t) - 3*x(t). Determine z(1).
8
Let d(w) be the second derivative of -w**3/6 - w**2/2 + 3*w - 2. What is d(-12)?
11
Suppose 6*a + 3*d - 7 = 2*a, -2*d = -5*a + 26. Let i = -2 + 4. Let h(y) = y + i*y + y - 5*y - 2. What is h(a)?
-6
Let g(r) = -r**3 + 15*r**2 + 15*r + 8. Let z(d) = d**3 - d**2 - 19*d + 50. Let o be z(2). Calculate g(o).
-8
Let y = 57 + -3. Let g(z) = -y*z**2 + 26*z**2 - 8*z + 8 + 29*z**2. Calculate g(7).
1
Suppose 6*l - 18 = j + l, -4*j - l - 9 = 0. Let c = -3 + j. Let z be 1*4 + c + 9. Let f(p) = -p**2 + 7*p + 4. Determine f(z).
4
Let o(f) = 5*f - 1. Suppose -5*j + 40 = -5*v, -v + 6 = 4. Let m(r) = r**2 - 10*r + 6. Let k be m(j). Let i be 3 + (3 - (k + -1)). What is o(i)?
4
Let x(l) = -2*l + 3. Let w(n) = 2*n - 8. Let d(o) = 2*w(o) + 5*x(o). Determine d(-1).
5
Suppose -87*l - 247 = -334*l. Let o(n) = -4*n**2 + 0*n**2 - n**2. What is o(l)?
-5
Let v(g) = 2 + 143*g**2 - 138*g**2 + g**3 - 5 - 7. What is v(-5)?
-10
Let v(n) be the second derivative of -n**5/20 - 5*n**4/12 + n**3 - 2*n**2 + 13*n + 3. What is v(-6)?
-4
Let w be 8/24*(8 + 1). Let x(i) = 6*i - 5. Determine x(w).
13
Let y(f) = -16*f**2 - f. Let n(j) = 9*j + 289. Let u be n(-32). Determine y(u).
-17
Let b(h) be the first derivative of h + 1/4*h**4 - 12 + 1/2*h**2 - 4/3*h**3. Calculate b(4).
5
Let l(j) = -j - 9. Let s = -9 + 6. Let u(r) = -r**3 + 19*r**2 - 58*r - 34. Let n be u(15). Let m = n + s. Determine l(m).
-2
Let o(i) = -4*i**2 + 3*i + 1. Let m(u) = 3*u**2 - 3*u - 1. Let j = 1 - -1. Let s(v) = j*o(v) + 3*m(v). What is s(-2)?
9
Let a(f) = 9*f + 1. Let q(s) = 7*s + 19. Let y(k) = -3*k - 9. Let d(l) = 2*q(l) + 5*y(l). Let b be d(-6). Determine a(b).
-8
Let u(a) = 3*a + 1. Let c(l) = l**2 - 10*l + 5. Let t be c(10). Let p(x) be the first derivative of -3*x**2/2 - x - 2. Let s(b) = t*p(b) + 4*u(b). Give s(2).
-7
Let l(i) = i**2 + 11*i - 3. Let w be l(-11). Let u = 37 - 53. Let b be (2/w)/(u/72). Let q(f) = f**2 - 5*f + 3. Give q(b).
-3
Let m(g) be the first derivative of -4*g**2 - 6*g + 982. Calculate m(0).
-6
Let h be 26/(-3) - (-100)/150. Let r(k) = -2*k + 4. Let w(d) = -5*d + 12. Let t(q) = 8*r(q) - 3*w(q). Calculate t(h).
4
Let z(d) = -d**3 - 9*d**2 + 9*d - 13. Let w be z(-10). Let m(l) = -3*l**2 - 2*l - l - 6 + 2*l**2 + 3. Give m(w).
-3
Let k(s) = -6*s**3 - s**2 + 1. Let z be k(-1). Let j(p) = -3 + z*p - 3 - 2 + p**2 + 10. Let r be -4 + 6 + 16/(-2). Determine j(r).
2
Let y(i) = -2*i + 19. Let c(v) = -v +